3066 (base 7) in base 15?
-4bc
Convert 132331 (base 4) to base 8.
3675
-1277 (base 8) to base 12
-4a7
Convert -55170 (base 8) to base 2.
-101101001111000
-101021 (base 4) to base 16
-449
2464 (base 8) to base 4
110310
What is 2386 (base 9) in base 3?
2102220
Convert -10212101 (base 3) to base 13.
-138a
30310 (base 4) to base 8
1464
43 (base 6) to base 9
30
Convert -305b (base 14) to base 11.
-6278
Convert -118 (base 13) to base 11.
-163
Convert 149 (base 12) to base 2.
11001001
Convert -809 (base 12) to base 6.
-5213
Convert 1312 (base 7) to base 10.
499
What is 30bab (base 12) in base 16?
f9b3
What is -5116 (base 7) in base 3?
-2102211
Convert -10131 (base 5) to base 6.
-3030
224 (base 8) to base 13
b5
What is -55 (base 6) in base 10?
-35
What is -5236 (base 7) in base 15?
-82a
What is -47990 (base 10) in base 15?
-e345
What is -1452 (base 14) in base 4?
-320100
-9fb4 (base 16) to base 5
-2302014
-1192 (base 10) to base 13
-709
636 (base 9) to base 6
2223
What is -878 (base 13) in base 14?
-759
47c6 (base 14) to base 4
3003222
Convert 3133 (base 7) to base 9.
1454
What is -205226 (base 7) in base 10?
-35447
What is 10482 (base 10) in base 16?
28f2
Convert 1a57 (base 11) to base 10.
2603
Convert 2203323 (base 4) to base 14.
3b75
Convert -76115 (base 8) to base 6.
-403153
4a6 (base 11) to base 10
600
What is -33578 (base 10) in base 7?
-166616
1984 (base 15) to base 8
12624
3556 (base 10) to base 15
10c1
-1574 (base 12) to base 4
-213220
Convert -12000001 (base 3) to base 5.
-104041
What is -12016 (base 7) in base 14?
-11b6
What is 8c20 (base 14) in base 3?
1020101012
What is 1706 (base 10) in base 8?
3252
102520 (base 7) to base 15
53d7
1221 (base 5) to base 8
272
What is 1301 (base 5) in base 15?
d6
What is -14017 (base 9) in base 3?
-111000121
10842 (base 10) to base 15
332c
Convert -11002221 (base 3) to base 14.
-113d
Convert 2553 (base 6) to base 11.
537
What is 104401 (base 5) in base 16?
e8e
What is 10793 (base 11) in base 16?
3ce6
Convert -547d (base 16) to base 7.
-120026
What is -2022220 (base 4) in base 8?
-21250
What is 2646 (base 7) in base 12?
706
Convert 12312 (base 4) to base 13.
279
What is 3234 (base 5) in base 7?
1203
What is -1010001010011001 (base 2) in base 5?
-2313000
Convert 17433 (base 8) to base 12.
4737
4411 (base 5) to base 11
501
543 (base 11) to base 10
652
220 (base 16) to base 9
664
What is 314250 (base 6) in base 10?
25590
309a5 (base 11) to base 9
67811
Convert 100111011 (base 2) to base 4.
10323
-100000100111010 (base 2) to base 8
-40472
-679 (base 15) to base 6
-10440
100201 (base 3) to base 13
172
14052 (base 9) to base 10
9524
What is 10003220 (base 4) in base 2?
100000011101000
-212201 (base 6) to base 8
-41711
-2a3 (base 13) to base 12
-333
Convert 33a5 (base 15) to base 10.
10955
3144 (base 5) to base 14
224
What is -329 (base 13) in base 16?
-21e
-1390 (base 10) to base 11
-1054
bb61 (base 16) to base 15
e32e
2215 (base 11) to base 5
43140
What is -13101220 (base 4) in base 7?
-152611
Convert -4411 (base 5) to base 9.
-743
Convert -21d (base 14) to base 4.
-12203
Convert 2889 (base 12) to base 9.
6416
Convert -209 (base 12) to base 9.
-360
Convert 1bbc (base 14) to base 4.
1033022
350 (base 9) to base 16
120
Convert 1a92 (base 12) to base 14.
12a2
-31211 (base 4) to base 11
-720
Convert -254 (base 14) to base 16.
-1d2
What is 2660 (base 15) in base 11?
6176
Convert -1176 (base 15) to base 12.
-2193
-140a7 (base 11) to base 12
-b756
-10100100101 (base 2) to base 8
-2445
What is -320002 (base 5) in base 2?
-10100110000011
What is -56b7 (base 13) in base 5?
-342044
Convert -1080 (base 10) to base 14.
-572
Convert -44 (base 11) to base 8.
-60
Convert 2582 (base 9) to base 12.
1155
Convert -354 (base 12) to base 6.
-2144
Convert -100112 (base 5) to base 3.
-11022221
What is -cc9 (base 13) in base 14?
-b29
What is 3500 (base 6) in base 12?
590
Convert 264 (base 13) to base 6.
1540
What is 431415 (base 6) in base 9?
53452
Convert -330123 (base 5) to base 6.
-124132
Convert 1373 (base 16) to base 15.
171e
What is 7702 (base 12) in base 11?
9935
What is 11ccb (base 13) in base 4?
20002321
Convert -1232003 (base 4) to base 16.
-1b83
1220 (base 7) to base 4
13013
103413 (base 6) to base 10
8577
-191b5 (base 12) to base 2
-1000111011011001
What is -2525 (base 8) in base 9?
-1776
What is -155465 (base 7) in base 16?
-7832
What is 101001001 (base 2) in base 6?
1305
-5474 (base 9) to base 11
-303a
Convert -b63c (base 14) to base 9.
-47074
What is -200003 (base 4) in base 7?
-5660
What is 131127 (base 8) in base 3?
2022121221
Convert -320424 (base 5) to base 7.
-43211
Convert -528a (base 12) to base 10.
-9034
What is -5368 (base 9) in base 4?
-331232
What is -433 (base 5) in base 10?
-118
What is 458 (base 15) in base 10?
983
Convert 2836 (base 9) to base 3.
2221020
Convert -101110010010 (base 2) to base 8.
-5622
What is 100000010110 (base 2) in base 13?
c33
Convert -1b00 (base 14) to base 12.
-2a04
What is 358 (base 10) in base 7?
1021
Convert -121551 (base 7) to base 13.
-a173
Convert -22b (base 13) to base 15.
-1a0
23321 (base 5) to base 4
122233
What is 200022 (base 3) in base 14?
274
Convert 1516 (base 9) to base 10.
1149
What is d84 (base 16) in base 5?
102320
What is -4101 (base 8) in base 15?
-95d
-2c (base 15) to base 10
-42
-20110 (base 5) to base 12
-8a8
What is -7388 (base 11) in base 2?
-10011000110000
What is -43b (base 13) in base 3?
-222220
Convert e7d (base 16) to base 10.
3709
What is 20f (base 16) in base 2?
1000001111
Convert 51 (base 16) to base 15.
56
-110110111001011 (base 2) to base 15
-84dc
What is -202301 (base 5) in base 10?
-6576
1000100011010111 (base 2) to base 10
35031
Convert -10645 (base 7) to base 5.
-41403
What is 30233103 (base 4) in base 13?
1a99a
What is -463 (base 13) in base 15?
-357
What is 4441 (base 5) in base 12?
439
Convert -41232 (base 5) to base 13.
-12c1
Convert 111012 (base 3) to base 11.
2a4
514 (base 9) to base 2
110100010
-1000112 (base 3) to base 14
-3b1
760 (base 12) to base 9
1430
What is 1110100001 (base 2) in base 12?
655
What is 19a8 (base 15) in base 9?
7555
Convert 13001 (base 4) to base 8.
701
-25610 (base 8) to base 15
-347e
What is 2730 (base 8) in base 15?
69b
2102121121 (base 3) to base 5
3012313
521220 (base 6) to base 11
29425
10c3 (base 13) to base 2
100100110100
Convert 447 (base 8) to base 9.
357
What is -64252 (base 7) in base 11?
-10a57
Convert -478 (base 9) to base 5.
-3040
What is -3a7 (base 11) in base 9?
-583
Convert -6375 (base 8) to base 13.
-168a
Convert -1101110020 (base 3) to base 6.
-330223
b2f (base 16) to base 11
2173
Convert 3141112 (base 5) to base 7.
306343
254 (base 14) to base 16
1d2
Convert 1111010111000011 (base 2) to base 12.
304ab
56450 (base 9) to base 16
92ac
74 (base 10) to base 13
59
-113321 (base 7) to base 16
-4faf
What is -2138 (base 11) in base 14?
-105a
440204 (base 5) to base 12
8866
-837 (base 10) to base 12
-599
What is -4d33 (base 16) in base 7?
-111422
Convert -35 (base 11) to base 15.
-28
What is 1535 (base 7) in base 5?
4424
Convert 1130 (base 6) to base 4.
10032
Convert -100011001 (base 2) to base 9.
-342
Convert -60837 (base 10) to base 9.
-102406
What is -10010 (base 3) in base 11?
-77
1241 (base 5) to base 7
400
Convert 81a (base 14) to base 13.
956
13302 (base 5) to base 12
759
11000100101101 (base 2) to base 7
51463
Convert -122022022 (base 3) to base 16.
-3149
Convert -798 (base 14) to base 11.
-114a
-16173 (base 12) to base 4
-13221213
10688 (base 10) to base 16
29c0
-799a (base 11) to base 15
-31b0
182 (base 9) to base 10
155
What is 1105 (base 8) in base 4?
21011
-1b5 (base 16) to base 8
-665
17556 (base 9) to base 13
5694
Convert 10251 (base 7) to base 10.
2535
Convert -3102 (base 5) to base 11.
-336
What is -472 (base 9) in base 2?
-110000101
What is 17ac (base 13) in base 11?
2712
101111011 (base 2) to base 12
277
What is 23240 (base 5) in base 6?
11503
-10203121 (base 4) to base 6
-222201
Convert c591 (base 15) to base 13.
16015
Convert -2015 (base 11) to base 9.
-3605
Convert 10001100110 (base 2) to base 9.
1481
What is -1430313 (base 6) in base 12?
-3b399
What is -828b (base 12) in base 15?
-432e
Convert -47 (base 15) to base 14.
-4b
Convert -60064 (base 10) to base 6.
-1142024
What is 4720 